{"id":289,"date":"2024-12-31T16:38:55","date_gmt":"2024-12-31T15:38:55","guid":{"rendered":"https:\/\/voltacademie.fr\/?page_id=289"},"modified":"2024-12-31T16:40:49","modified_gmt":"2024-12-31T15:40:49","slug":"mentions-legales","status":"publish","type":"page","link":"https:\/\/voltacademie.fr\/?page_id=289","title":{"rendered":"Mentions l\u00e9gales"},"content":{"rendered":"\n<p class=\"has-text-align-center has-large-font-size\"><strong>VOLT ACADEMIE<\/strong> &#8211; <strong>101 RUE COLBERT<\/strong> &#8211; <strong>84120 PERTUIS<\/strong> &#8211; <strong>SIRET 81178571600051<\/strong><\/p>\n\n\n\n<p class=\"has-text-align-center\"><strong>VOLT Acad\u00e9mie<\/strong> est un \u00e9tablissement du groupe <strong>SUNTECH ENERGIES<\/strong><\/p>\n\n\n\n<p class=\"has-text-align-center\"><strong><a href=\"https:\/\/voltacademie.fr\/\">www.voltacademie.fr<\/a><\/strong><\/p>\n\n\n\n<p class=\"has-text-align-center\"><a href=\"https:\/\/www.suntech-energies.com\">https:\/\/www.suntech-energies.com<\/a><\/p>\n\n\n\n<ul class=\"wp-block-list\">\n<li>Centre d\u2019examen AIPR agr\u00e9\u00e9 par le MEEM sous le num\u00e9ro 1253.<\/li>\n\n\n\n<li>D\u00e9claration d\u2019activit\u00e9 enregistr\u00e9e en application de l\u2019article R.6351-6 du code du travail sous le num\u00e9ro 93840470984 aupr\u00e8s du pr\u00e9fet de la r\u00e9gion PROVENCE-ALPES-COTE-D\u2019AZUR (ne vaut pas pour agr\u00e9ment de l\u2019\u00e9tat).<\/li>\n<\/ul>\n\n\n\n<p class=\"has-text-align-center\">Responsable de la publication : Julien BRUN, directeur &#8211; julien.brun@voltacademie.fr \/ contact@voltacademie.fr &#8211; Site heberg\u00e9 par OVH, <a href=\"https:\/\/www.ovhcloud.com\/fr\/\">https:\/\/www.ovhcloud.com\/fr\/<\/a><\/p>\n\n\n\n<figure class=\"wp-block-image aligncenter\"><img loading=\"lazy\" decoding=\"async\" width=\"512\" height=\"384\" src=\"https:\/\/voltacademie.fr\/wp-content\/uploads\/2024\/06\/cropped-cropped-ySrmBZ4JSla_GJpKTBpLMg-1.webp\" alt=\"\" class=\"wp-image-106\" srcset=\"https:\/\/voltacademie.fr\/wp-content\/uploads\/2024\/06\/cropped-cropped-ySrmBZ4JSla_GJpKTBpLMg-1.webp 512w, https:\/\/voltacademie.fr\/wp-content\/uploads\/2024\/06\/cropped-cropped-ySrmBZ4JSla_GJpKTBpLMg-1-300x225.webp 300w\" sizes=\"auto, (max-width: 512px) 100vw, 512px\" \/><\/figure>\n\n\n\n<iframe src=\"https:\/\/www.google.com\/maps\/embed?pb=!1m18!1m12!1m3!1d2884.803824821771!2d5.499693275743325!3d43.69384164980196!2m3!1f0!2f0!3f0!3m2!1i1024!2i768!4f13.1!3m3!1m2!1s0x12ca27c9a257faff%3A0x4f1056dcf002205f!2sVOLT%20Acad%C3%A9mie!5e0!3m2!1sfr!2sfr!4v1735658850476!5m2!1sfr!2sfr\" width=\"400\" height=\"300\" style=\"border:0;\" allowfullscreen=\"\" loading=\"lazy\" referrerpolicy=\"no-referrer-when-downgrade\"><\/iframe>\n","protected":false},"excerpt":{"rendered":"<p>VOLT ACADEMIE &#8211; 101 RUE COLBERT &#8211; 84120 PERTUIS &#8211; SIRET 81178571600051 VOLT Acad\u00e9mie est un \u00e9tablissement du groupe SUNTECH ENERGIES www.voltacademie.fr https:\/\/www.suntech-energies.com Responsable de la publication : Julien BRUN, directeur &#8211; julien.brun@voltacademie.fr \/ contact@voltacademie.fr &#8211; Site heberg\u00e9 par OVH, https:\/\/www.ovhcloud.com\/fr\/<\/p>\n","protected":false},"author":1,"featured_media":0,"parent":0,"menu_order":0,"comment_status":"closed","ping_status":"closed","template":"","meta":{"footnotes":""},"class_list":["post-289","page","type-page","status-publish","hentry"],"blocksy_meta":[],"yoast_head":"<!-- This site is optimized with the Yoast SEO plugin v27.1.1 - https:\/\/yoast.com\/product\/yoast-seo-wordpress\/ -->\n<title>Mentions l\u00e9gales - VOLT Acad\u00e9mie<\/title>\n<meta name=\"description\" content=\"D\u00e9couvrez les mentions l\u00e9gales de VOLT Acad\u00e9mie, votre centre de formation certifi\u00e9 Qualiopi. Toutes les informations l\u00e9gales sur nos activit\u00e9s et engagements en r\u00e9gion PACA.\" \/>\n<meta name=\"robots\" content=\"index, follow, max-snippet:-1, max-image-preview:large, max-video-preview:-1\" \/>\n<link rel=\"canonical\" href=\"https:\/\/voltacademie.fr\/?page_id=289\" \/>\n<meta property=\"og:locale\" content=\"fr_FR\" \/>\n<meta property=\"og:type\" content=\"article\" \/>\n<meta property=\"og:title\" content=\"Mentions l\u00e9gales - VOLT Acad\u00e9mie\" \/>\n<meta property=\"og:description\" content=\"D\u00e9couvrez les mentions l\u00e9gales de VOLT Acad\u00e9mie, votre centre de formation certifi\u00e9 Qualiopi. Toutes les informations l\u00e9gales sur nos activit\u00e9s et engagements en r\u00e9gion PACA.\" \/>\n<meta property=\"og:url\" content=\"https:\/\/voltacademie.fr\/?page_id=289\" \/>\n<meta property=\"og:site_name\" content=\"VOLT Acad\u00e9mie\" \/>\n<meta property=\"article:publisher\" content=\"https:\/\/www.facebook.com\/IpFibreAcademie\" \/>\n<meta property=\"article:modified_time\" content=\"2024-12-31T15:40:49+00:00\" \/>\n<meta property=\"og:image\" content=\"https:\/\/voltacademie.fr\/wp-content\/uploads\/2024\/06\/cropped-cropped-ySrmBZ4JSla_GJpKTBpLMg-1.webp\" \/>\n\t<meta property=\"og:image:width\" content=\"512\" \/>\n\t<meta property=\"og:image:height\" content=\"384\" \/>\n\t<meta property=\"og:image:type\" content=\"image\/webp\" \/>\n<meta name=\"twitter:card\" content=\"summary_large_image\" \/>\n<meta name=\"twitter:label1\" content=\"Dur\u00e9e de lecture estim\u00e9e\" \/>\n\t<meta name=\"twitter:data1\" content=\"1 minute\" \/>\n<script type=\"application\/ld+json\" class=\"yoast-schema-graph\">{\"@context\":\"https:\/\/schema.org\",\"@graph\":[{\"@type\":\"WebPage\",\"@id\":\"https:\/\/voltacademie.fr\/?page_id=289\",\"url\":\"https:\/\/voltacademie.fr\/?page_id=289\",\"name\":\"Mentions l\u00e9gales - VOLT Acad\u00e9mie\",\"isPartOf\":{\"@id\":\"https:\/\/voltacademie.fr\/#website\"},\"primaryImageOfPage\":{\"@id\":\"https:\/\/voltacademie.fr\/?page_id=289#primaryimage\"},\"image\":{\"@id\":\"https:\/\/voltacademie.fr\/?page_id=289#primaryimage\"},\"thumbnailUrl\":\"https:\/\/voltacademie.fr\/wp-content\/uploads\/2024\/06\/cropped-cropped-ySrmBZ4JSla_GJpKTBpLMg-1.webp\",\"datePublished\":\"2024-12-31T15:38:55+00:00\",\"dateModified\":\"2024-12-31T15:40:49+00:00\",\"description\":\"D\u00e9couvrez les mentions l\u00e9gales de VOLT Acad\u00e9mie, votre centre de formation certifi\u00e9 Qualiopi. Toutes les informations l\u00e9gales sur nos activit\u00e9s et engagements en r\u00e9gion PACA.\",\"breadcrumb\":{\"@id\":\"https:\/\/voltacademie.fr\/?page_id=289#breadcrumb\"},\"inLanguage\":\"fr-FR\",\"potentialAction\":[{\"@type\":\"ReadAction\",\"target\":[\"https:\/\/voltacademie.fr\/?page_id=289\"]}]},{\"@type\":\"ImageObject\",\"inLanguage\":\"fr-FR\",\"@id\":\"https:\/\/voltacademie.fr\/?page_id=289#primaryimage\",\"url\":\"https:\/\/voltacademie.fr\/wp-content\/uploads\/2024\/06\/cropped-cropped-ySrmBZ4JSla_GJpKTBpLMg-1.webp\",\"contentUrl\":\"https:\/\/voltacademie.fr\/wp-content\/uploads\/2024\/06\/cropped-cropped-ySrmBZ4JSla_GJpKTBpLMg-1.webp\",\"width\":512,\"height\":384},{\"@type\":\"BreadcrumbList\",\"@id\":\"https:\/\/voltacademie.fr\/?page_id=289#breadcrumb\",\"itemListElement\":[{\"@type\":\"ListItem\",\"position\":1,\"name\":\"Accueil\",\"item\":\"https:\/\/voltacademie.fr\/\"},{\"@type\":\"ListItem\",\"position\":2,\"name\":\"Mentions l\u00e9gales\"}]},{\"@type\":\"WebSite\",\"@id\":\"https:\/\/voltacademie.fr\/#website\",\"url\":\"https:\/\/voltacademie.fr\/\",\"name\":\"VOLT Acad\u00e9mie\",\"description\":\"Centre de formation - S\u00e9curit\u00e9 Electricit\u00e9 IRVE Photovolta\u00efque AIPR Hablitations Electriques - Pertuis - Aix - Marseille - Nice - PACA\",\"publisher\":{\"@id\":\"https:\/\/voltacademie.fr\/#organization\"},\"potentialAction\":[{\"@type\":\"SearchAction\",\"target\":{\"@type\":\"EntryPoint\",\"urlTemplate\":\"https:\/\/voltacademie.fr\/?s={search_term_string}\"},\"query-input\":{\"@type\":\"PropertyValueSpecification\",\"valueRequired\":true,\"valueName\":\"search_term_string\"}}],\"inLanguage\":\"fr-FR\"},{\"@type\":\"Organization\",\"@id\":\"https:\/\/voltacademie.fr\/#organization\",\"name\":\"VOLT Acad\u00e9mie\",\"url\":\"https:\/\/voltacademie.fr\/\",\"logo\":{\"@type\":\"ImageObject\",\"inLanguage\":\"fr-FR\",\"@id\":\"https:\/\/voltacademie.fr\/#\/schema\/logo\/image\/\",\"url\":\"https:\/\/voltacademie.fr\/wp-content\/uploads\/2024\/06\/cropped-cropped-ySrmBZ4JSla_GJpKTBpLMg-1.webp\",\"contentUrl\":\"https:\/\/voltacademie.fr\/wp-content\/uploads\/2024\/06\/cropped-cropped-ySrmBZ4JSla_GJpKTBpLMg-1.webp\",\"width\":512,\"height\":384,\"caption\":\"VOLT Acad\u00e9mie\"},\"image\":{\"@id\":\"https:\/\/voltacademie.fr\/#\/schema\/logo\/image\/\"},\"sameAs\":[\"https:\/\/www.facebook.com\/IpFibreAcademie\",\"https:\/\/www.linkedin.com\/company\/ip-fibre-academie\/\"]}]}<\/script>\n<!-- \/ Yoast SEO plugin. -->","yoast_head_json":{"title":"Mentions l\u00e9gales - VOLT Acad\u00e9mie","description":"D\u00e9couvrez les mentions l\u00e9gales de VOLT Acad\u00e9mie, votre centre de formation certifi\u00e9 Qualiopi. Toutes les informations l\u00e9gales sur nos activit\u00e9s et engagements en r\u00e9gion PACA.","robots":{"index":"index","follow":"follow","max-snippet":"max-snippet:-1","max-image-preview":"max-image-preview:large","max-video-preview":"max-video-preview:-1"},"canonical":"https:\/\/voltacademie.fr\/?page_id=289","og_locale":"fr_FR","og_type":"article","og_title":"Mentions l\u00e9gales - VOLT Acad\u00e9mie","og_description":"D\u00e9couvrez les mentions l\u00e9gales de VOLT Acad\u00e9mie, votre centre de formation certifi\u00e9 Qualiopi. Toutes les informations l\u00e9gales sur nos activit\u00e9s et engagements en r\u00e9gion PACA.","og_url":"https:\/\/voltacademie.fr\/?page_id=289","og_site_name":"VOLT Acad\u00e9mie","article_publisher":"https:\/\/www.facebook.com\/IpFibreAcademie","article_modified_time":"2024-12-31T15:40:49+00:00","og_image":[{"width":512,"height":384,"url":"https:\/\/voltacademie.fr\/wp-content\/uploads\/2024\/06\/cropped-cropped-ySrmBZ4JSla_GJpKTBpLMg-1.webp","type":"image\/webp"}],"twitter_card":"summary_large_image","twitter_misc":{"Dur\u00e9e de lecture estim\u00e9e":"1 minute"},"schema":{"@context":"https:\/\/schema.org","@graph":[{"@type":"WebPage","@id":"https:\/\/voltacademie.fr\/?page_id=289","url":"https:\/\/voltacademie.fr\/?page_id=289","name":"Mentions l\u00e9gales - VOLT Acad\u00e9mie","isPartOf":{"@id":"https:\/\/voltacademie.fr\/#website"},"primaryImageOfPage":{"@id":"https:\/\/voltacademie.fr\/?page_id=289#primaryimage"},"image":{"@id":"https:\/\/voltacademie.fr\/?page_id=289#primaryimage"},"thumbnailUrl":"https:\/\/voltacademie.fr\/wp-content\/uploads\/2024\/06\/cropped-cropped-ySrmBZ4JSla_GJpKTBpLMg-1.webp","datePublished":"2024-12-31T15:38:55+00:00","dateModified":"2024-12-31T15:40:49+00:00","description":"D\u00e9couvrez les mentions l\u00e9gales de VOLT Acad\u00e9mie, votre centre de formation certifi\u00e9 Qualiopi. Toutes les informations l\u00e9gales sur nos activit\u00e9s et engagements en r\u00e9gion PACA.","breadcrumb":{"@id":"https:\/\/voltacademie.fr\/?page_id=289#breadcrumb"},"inLanguage":"fr-FR","potentialAction":[{"@type":"ReadAction","target":["https:\/\/voltacademie.fr\/?page_id=289"]}]},{"@type":"ImageObject","inLanguage":"fr-FR","@id":"https:\/\/voltacademie.fr\/?page_id=289#primaryimage","url":"https:\/\/voltacademie.fr\/wp-content\/uploads\/2024\/06\/cropped-cropped-ySrmBZ4JSla_GJpKTBpLMg-1.webp","contentUrl":"https:\/\/voltacademie.fr\/wp-content\/uploads\/2024\/06\/cropped-cropped-ySrmBZ4JSla_GJpKTBpLMg-1.webp","width":512,"height":384},{"@type":"BreadcrumbList","@id":"https:\/\/voltacademie.fr\/?page_id=289#breadcrumb","itemListElement":[{"@type":"ListItem","position":1,"name":"Accueil","item":"https:\/\/voltacademie.fr\/"},{"@type":"ListItem","position":2,"name":"Mentions l\u00e9gales"}]},{"@type":"WebSite","@id":"https:\/\/voltacademie.fr\/#website","url":"https:\/\/voltacademie.fr\/","name":"VOLT Acad\u00e9mie","description":"Centre de formation - S\u00e9curit\u00e9 Electricit\u00e9 IRVE Photovolta\u00efque AIPR Hablitations Electriques - Pertuis - Aix - Marseille - Nice - PACA","publisher":{"@id":"https:\/\/voltacademie.fr\/#organization"},"potentialAction":[{"@type":"SearchAction","target":{"@type":"EntryPoint","urlTemplate":"https:\/\/voltacademie.fr\/?s={search_term_string}"},"query-input":{"@type":"PropertyValueSpecification","valueRequired":true,"valueName":"search_term_string"}}],"inLanguage":"fr-FR"},{"@type":"Organization","@id":"https:\/\/voltacademie.fr\/#organization","name":"VOLT Acad\u00e9mie","url":"https:\/\/voltacademie.fr\/","logo":{"@type":"ImageObject","inLanguage":"fr-FR","@id":"https:\/\/voltacademie.fr\/#\/schema\/logo\/image\/","url":"https:\/\/voltacademie.fr\/wp-content\/uploads\/2024\/06\/cropped-cropped-ySrmBZ4JSla_GJpKTBpLMg-1.webp","contentUrl":"https:\/\/voltacademie.fr\/wp-content\/uploads\/2024\/06\/cropped-cropped-ySrmBZ4JSla_GJpKTBpLMg-1.webp","width":512,"height":384,"caption":"VOLT Acad\u00e9mie"},"image":{"@id":"https:\/\/voltacademie.fr\/#\/schema\/logo\/image\/"},"sameAs":["https:\/\/www.facebook.com\/IpFibreAcademie","https:\/\/www.linkedin.com\/company\/ip-fibre-academie\/"]}]}},"_links":{"self":[{"href":"https:\/\/voltacademie.fr\/index.php?rest_route=\/wp\/v2\/pages\/289","targetHints":{"allow":["GET"]}}],"collection":[{"href":"https:\/\/voltacademie.fr\/index.php?rest_route=\/wp\/v2\/pages"}],"about":[{"href":"https:\/\/voltacademie.fr\/index.php?rest_route=\/wp\/v2\/types\/page"}],"author":[{"embeddable":true,"href":"https:\/\/voltacademie.fr\/index.php?rest_route=\/wp\/v2\/users\/1"}],"replies":[{"embeddable":true,"href":"https:\/\/voltacademie.fr\/index.php?rest_route=%2Fwp%2Fv2%2Fcomments&post=289"}],"version-history":[{"count":3,"href":"https:\/\/voltacademie.fr\/index.php?rest_route=\/wp\/v2\/pages\/289\/revisions"}],"predecessor-version":[{"id":293,"href":"https:\/\/voltacademie.fr\/index.php?rest_route=\/wp\/v2\/pages\/289\/revisions\/293"}],"wp:attachment":[{"href":"https:\/\/voltacademie.fr\/index.php?rest_route=%2Fwp%2Fv2%2Fmedia&parent=289"}],"curies":[{"name":"wp","href":"https:\/\/api.w.org\/{rel}","templated":true}]}}