{"id":228,"date":"2024-06-21T09:38:25","date_gmt":"2024-06-21T07:38:25","guid":{"rendered":"https:\/\/voltacademie.fr\/?page_id=228"},"modified":"2025-01-04T11:28:17","modified_gmt":"2025-01-04T10:28:17","slug":"formation-travail-en-hauteur-port-des-epi-paca-aix-marseille-toulon-nice-volt-academie","status":"publish","type":"page","link":"https:\/\/voltacademie.fr\/?page_id=228","title":{"rendered":"Travail en hauteur &#8211; Port des EPI"},"content":{"rendered":"\n<figure class=\"wp-block-image aligncenter size-full is-resized\"><img loading=\"lazy\" decoding=\"async\" width=\"2560\" height=\"1920\" src=\"https:\/\/voltacademie.fr\/wp-content\/uploads\/2024\/06\/1000027704-scaled.jpg\" alt=\"\" class=\"wp-image-223\" style=\"width:602px;height:auto\" srcset=\"https:\/\/voltacademie.fr\/wp-content\/uploads\/2024\/06\/1000027704-scaled.jpg 2560w, https:\/\/voltacademie.fr\/wp-content\/uploads\/2024\/06\/1000027704-300x225.jpg 300w, https:\/\/voltacademie.fr\/wp-content\/uploads\/2024\/06\/1000027704-1024x768.jpg 1024w, https:\/\/voltacademie.fr\/wp-content\/uploads\/2024\/06\/1000027704-768x576.jpg 768w, https:\/\/voltacademie.fr\/wp-content\/uploads\/2024\/06\/1000027704-1536x1152.jpg 1536w, https:\/\/voltacademie.fr\/wp-content\/uploads\/2024\/06\/1000027704-2048x1536.jpg 2048w\" sizes=\"auto, (max-width: 2560px) 100vw, 2560px\" \/><\/figure>\n\n\n\n<h2 class=\"wp-block-heading has-text-align-center\">Travail en hauteur &#8211; Port des EPI<\/h2>\n\n\n\n<h2 class=\"wp-block-heading has-large-font-size\">Public concern\u00e9 ?<\/h2>\n\n\n\n<p>Notre formation au travail en hauteur s\u2019adresse aussi bien au personnel charg\u00e9 de r\u00e9aliser des travaux depuis un endroit sur\u00e9lev\u00e9 (nacelle, toit, \u00e9chafaudage etc.) qu\u2019aux chefs de chantier, afin qu\u2019ils puissent initier des mesures de pr\u00e9vention pour r\u00e9duire le risque de chute de hauteur d\u2019un travailleur.<\/p>\n\n\n\n<h2 class=\"wp-block-heading has-large-font-size\">Pr\u00e9requis ?<\/h2>\n\n\n\n<p class=\"has-text-align-left\">Aucun pr\u00e9requis n\u2019est souhait\u00e9, il est cependant conseill\u00e9 de ma\u00eetriser la langue fran\u00e7aise.<\/p>\n\n\n\n<h2 class=\"wp-block-heading has-large-font-size\">Objectifs<\/h2>\n\n\n\n<ul class=\"wp-block-list\">\n<li>Donner les comp\u00e9tences pour r\u00e9aliser des travaux en hauteur et permettre la sauvegarde des personnes et des biens.<\/li>\n\n\n\n<li>Conna\u00eetre les recommandations R 486, R 408, R 430, R 431, R 433 et R 457 qui donnent les r\u00e8gles de pr\u00e9vention et de protection pour r\u00e9aliser en toute s\u00e9curit\u00e9 les man\u0153uvres de travail en hauteur.<\/li>\n\n\n\n<li>Ma\u00eetriser les EPI de protection antichute, de maintien \u00e0 poste et la technique de rappel simple.<\/li>\n\n\n\n<li>Ma\u00eetriser une \u00e9vacuation d\u2019urgence en portant secours au personnel avec un \u00e9vacuateur automatique.<\/li>\n\n\n\n<li>\u00catre apte \u00e0 ex\u00e9cuter l\u2019inspection des \u00c9quipements de Protection Individuelle Antichute.<\/li>\n\n\n\n<li>Application du \u00ab guide technique \u00bb.<\/li>\n<\/ul>\n\n\n\n<h2 class=\"wp-block-heading has-large-font-size\">M\u00e9thodes p\u00e9dagogiques<\/h2>\n\n\n\n<p>Les apports th\u00e9oriques sont \u00e9tay\u00e9s par des mises en pratique.<\/p>\n\n\n\n<p>La m\u00e9thode participative est privil\u00e9gi\u00e9e pour permettre aux participants d\u2019\u00e9changer sur leurs pratiques professionnelles et partager leurs exp\u00e9riences propres.<\/p>\n\n\n\n<h2 class=\"wp-block-heading has-large-font-size\">Moyens p\u00e9dagogiques<\/h2>\n\n\n\n<p>Les apports th\u00e9oriques sont \u00e9tay\u00e9s par des mises en pratique.<\/p>\n\n\n\n<p>Les stagiaires doivent \u00eatre \u00e9quip\u00e9s de leurs EPI afin de pratiquer le port d\u2019un harnais et d\u2019\u00eatre en situation de travail en hauteur, sur notre plateforme p\u00e9dagogique.<\/p>\n\n\n\n<p>La m\u00e9thode participative est privil\u00e9gi\u00e9e pour permettre aux participants d\u2019\u00e9changer sur leurs pratiques professionnelles et partager leurs exp\u00e9riences propres.<\/p>\n\n\n\n<h2 class=\"wp-block-heading has-large-font-size\">Programme et contenu des comp\u00e9tences socles<\/h2>\n\n\n\n<ul class=\"wp-block-list\">\n<li>Statistiques et r\u00e9glementation<\/li>\n\n\n\n<li>Les statistiques des Accidents du Travail<\/li>\n\n\n\n<li>Les dispositions r\u00e9glementaires<\/li>\n\n\n\n<li>Les droits, obligations et responsabilit\u00e9s<\/li>\n\n\n\n<li>Pr\u00e9vention des risques<\/li>\n\n\n\n<li>Les diff\u00e9rents acteurs de l\u2019entreprise et leurs obligations<\/li>\n\n\n\n<li>Les partenaires de la pr\u00e9vention et leur r\u00f4le<\/li>\n\n\n\n<li>Que faire en cas d\u2019accident ?<\/li>\n\n\n\n<li>Les processus menant \u00e0 l\u2019AT et \u00e0 la MP<\/li>\n\n\n\n<li>Les risques et sanctions li\u00e9s \u00e0 la prise de substances<\/li>\n\n\n\n<li>Travail en hauteur<\/li>\n\n\n\n<li>La pr\u00e9vention contre les risques de chutes de hauteur<\/li>\n\n\n\n<li>Les moyens d\u2019acc\u00e8s et postes de travail avec protection collective<\/li>\n\n\n\n<li>Les postes de travail en hauteur avec utilisation d\u2019EPI sp\u00e9cifiques<\/li>\n\n\n\n<li>Les EPI contre les chutes de hauteur <\/li>\n\n\n\n<li>Mise en pratique sur plateforme p\u00e9dagogique avec EPI<\/li>\n\n\n\n<li>QCM<\/li>\n<\/ul>\n\n\n\n<h2 class=\"wp-block-heading has-large-font-size\">Conditions de r\u00e9ussite<\/h2>\n\n\n\n<p>Les apports th\u00e9oriques et pratiques sont consid\u00e9r\u00e9s comme acquis sous r\u00e9serve :<\/p>\n\n\n\n<ul class=\"wp-block-list\">\n<li>D\u2019avoir suivi l&rsquo;int\u00e9gralit\u00e9 de la formation,<\/li>\n\n\n\n<li>D\u2019avoir obtenu un r\u00e9sultat satisfaisant au QCM,<\/li>\n\n\n\n<li>D\u2019avoir r\u00e9ussi les \u00e9preuves de mises en pratique.<\/li>\n<\/ul>\n\n\n\n<h2 class=\"wp-block-heading has-large-font-size\">Modalit\u00e9s d&rsquo;\u00e9valuation<\/h2>\n\n\n\n<p>Th\u00e9oriques : Questionnaires \u00e0 choix multiples (QCM).<\/p>\n\n\n\n<p>Pratiques<\/p>\n\n\n\n<h2 class=\"wp-block-heading has-large-font-size\">Dur\u00e9e de la formation<\/h2>\n\n\n\n<p class=\"has-text-align-center\">1 jour &#8211; 7 heures<\/p>\n\n\n\n<h2 class=\"wp-block-heading has-large-font-size\">Co\u00fbt p\u00e9dagogique<\/h2>\n\n\n\n<p>En session inter-entreprises : 250\u20ac par stagiaire<\/p>\n\n\n\n<p>En session intra-entreprises : nous contacter<\/p>\n\n\n\n<figure class=\"wp-block-image aligncenter size-full is-resized\"><img loading=\"lazy\" decoding=\"async\" width=\"340\" height=\"341\" src=\"https:\/\/voltacademie.fr\/wp-content\/uploads\/2024\/06\/image.png\" alt=\"\" class=\"wp-image-229\" style=\"width:426px;height:auto\" srcset=\"https:\/\/voltacademie.fr\/wp-content\/uploads\/2024\/06\/image.png 340w, https:\/\/voltacademie.fr\/wp-content\/uploads\/2024\/06\/image-300x300.png 300w, https:\/\/voltacademie.fr\/wp-content\/uploads\/2024\/06\/image-150x150.png 150w\" sizes=\"auto, (max-width: 340px) 100vw, 340px\" \/><\/figure>\n\n\n\n<div class=\"wp-block-buttons is-content-justification-center is-layout-flex wp-container-core-buttons-is-layout-a89b3969 wp-block-buttons-is-layout-flex\">\n<div class=\"wp-block-button\"><a class=\"wp-block-button__link has-text-align-center wp-element-button\" href=\"https:\/\/voltacademie.fr\/?page_id=136\">Contactez-nous !<\/a><\/div>\n<\/div>\n\n\n\n<div data-wp-interactive=\"core\/file\" class=\"wp-block-file aligncenter\"><object data-wp-bind--hidden=\"!state.hasPdfPreview\" hidden class=\"wp-block-file__embed\" data=\"https:\/\/voltacademie.fr\/wp-content\/uploads\/2025\/01\/Fiche-formation-Travail-en-Hauteur-3.0-VOLT.pdf\" type=\"application\/pdf\" style=\"width:100%;height:600px\" aria-label=\"Contenu embarqu\u00e9 Fiche formation Travail en Hauteur 3.0 VOLT.\"><\/object><a id=\"wp-block-file--media-b0e6e9a0-ac52-4b66-a33b-125e83e1b99b\" href=\"https:\/\/voltacademie.fr\/wp-content\/uploads\/2025\/01\/Fiche-formation-Travail-en-Hauteur-3.0-VOLT.pdf\">Fiche formation Travail en Hauteur 3.0 VOLT<\/a><a href=\"https:\/\/voltacademie.fr\/wp-content\/uploads\/2025\/01\/Fiche-formation-Travail-en-Hauteur-3.0-VOLT.pdf\" class=\"wp-block-file__button wp-element-button\" download aria-describedby=\"wp-block-file--media-b0e6e9a0-ac52-4b66-a33b-125e83e1b99b\">T\u00e9l\u00e9charger<\/a><\/div>\n","protected":false},"excerpt":{"rendered":"<p>Travail en hauteur &#8211; Port des EPI Public concern\u00e9 ? Notre formation au travail en hauteur s\u2019adresse aussi bien au personnel charg\u00e9 de r\u00e9aliser des travaux depuis un endroit sur\u00e9lev\u00e9 (nacelle, toit, \u00e9chafaudage etc.) qu\u2019aux chefs de chantier, afin qu\u2019ils puissent initier des mesures de pr\u00e9vention pour r\u00e9duire le risque de chute de hauteur d\u2019un [&hellip;]<\/p>\n","protected":false},"author":1,"featured_media":0,"parent":0,"menu_order":0,"comment_status":"closed","ping_status":"closed","template":"","meta":{"footnotes":""},"class_list":["post-228","page","type-page","status-publish","hentry"],"blocksy_meta":[],"yoast_head":"<!-- This site is optimized with the Yoast SEO plugin v27.1.1 - https:\/\/yoast.com\/product\/yoast-seo-wordpress\/ -->\n<title>Formation Travail en hauteur port des EPI PACA Aix Marseille Toulon Nice VOLT Acad\u00e9mie<\/title>\n<meta name=\"description\" content=\"Formation Travail en hauteur port des EPI PACA Aix Marseille Toulon Nice VOLT Acad\u00e9mie formation harnais formation port des EPI formation hauteur Cannes Nice Toulon Marseille Aix Pertuis Cavaillon Avignon 06 13 83 84\" \/>\n<meta name=\"robots\" content=\"index, follow, max-snippet:-1, max-image-preview:large, max-video-preview:-1\" \/>\n<link rel=\"canonical\" href=\"https:\/\/voltacademie.fr\/?page_id=228\" \/>\n<meta property=\"og:locale\" content=\"fr_FR\" \/>\n<meta property=\"og:type\" content=\"article\" \/>\n<meta property=\"og:title\" content=\"Formation Travail en hauteur port des EPI PACA Aix Marseille Toulon Nice VOLT Acad\u00e9mie\" \/>\n<meta property=\"og:description\" content=\"Formation Travail en hauteur port des EPI PACA Aix Marseille Toulon Nice VOLT Acad\u00e9mie formation harnais formation port des EPI formation hauteur Cannes Nice Toulon Marseille Aix Pertuis Cavaillon Avignon 06 13 83 84\" \/>\n<meta property=\"og:url\" content=\"https:\/\/voltacademie.fr\/?page_id=228\" \/>\n<meta property=\"og:site_name\" content=\"VOLT Acad\u00e9mie\" \/>\n<meta property=\"article:publisher\" content=\"https:\/\/www.facebook.com\/IpFibreAcademie\" \/>\n<meta property=\"article:modified_time\" content=\"2025-01-04T10:28:17+00:00\" \/>\n<meta property=\"og:image\" content=\"https:\/\/voltacademie.fr\/wp-content\/uploads\/2024\/06\/1000027704-scaled.jpg\" \/>\n\t<meta property=\"og:image:width\" content=\"2560\" \/>\n\t<meta property=\"og:image:height\" content=\"1920\" \/>\n\t<meta property=\"og:image:type\" content=\"image\/jpeg\" \/>\n<meta name=\"twitter:card\" content=\"summary_large_image\" \/>\n<meta name=\"twitter:label1\" content=\"Dur\u00e9e de lecture estim\u00e9e\" \/>\n\t<meta name=\"twitter:data1\" content=\"3 minutes\" \/>\n<script type=\"application\/ld+json\" class=\"yoast-schema-graph\">{\"@context\":\"https:\/\/schema.org\",\"@graph\":[{\"@type\":\"WebPage\",\"@id\":\"https:\/\/voltacademie.fr\/?page_id=228\",\"url\":\"https:\/\/voltacademie.fr\/?page_id=228\",\"name\":\"Formation Travail en hauteur port des EPI PACA Aix Marseille Toulon Nice VOLT Acad\u00e9mie\",\"isPartOf\":{\"@id\":\"https:\/\/voltacademie.fr\/#website\"},\"primaryImageOfPage\":{\"@id\":\"https:\/\/voltacademie.fr\/?page_id=228#primaryimage\"},\"image\":{\"@id\":\"https:\/\/voltacademie.fr\/?page_id=228#primaryimage\"},\"thumbnailUrl\":\"https:\/\/voltacademie.fr\/wp-content\/uploads\/2024\/06\/1000027704-scaled.jpg\",\"datePublished\":\"2024-06-21T07:38:25+00:00\",\"dateModified\":\"2025-01-04T10:28:17+00:00\",\"description\":\"Formation Travail en hauteur port des EPI PACA Aix Marseille Toulon Nice VOLT Acad\u00e9mie formation harnais formation port des EPI formation hauteur Cannes Nice Toulon Marseille Aix Pertuis Cavaillon Avignon 06 13 83 84\",\"breadcrumb\":{\"@id\":\"https:\/\/voltacademie.fr\/?page_id=228#breadcrumb\"},\"inLanguage\":\"fr-FR\",\"potentialAction\":[{\"@type\":\"ReadAction\",\"target\":[\"https:\/\/voltacademie.fr\/?page_id=228\"]}]},{\"@type\":\"ImageObject\",\"inLanguage\":\"fr-FR\",\"@id\":\"https:\/\/voltacademie.fr\/?page_id=228#primaryimage\",\"url\":\"https:\/\/voltacademie.fr\/wp-content\/uploads\/2024\/06\/1000027704-scaled.jpg\",\"contentUrl\":\"https:\/\/voltacademie.fr\/wp-content\/uploads\/2024\/06\/1000027704-scaled.jpg\",\"width\":2560,\"height\":1920},{\"@type\":\"BreadcrumbList\",\"@id\":\"https:\/\/voltacademie.fr\/?page_id=228#breadcrumb\",\"itemListElement\":[{\"@type\":\"ListItem\",\"position\":1,\"name\":\"Accueil\",\"item\":\"https:\/\/voltacademie.fr\/\"},{\"@type\":\"ListItem\",\"position\":2,\"name\":\"Travail en hauteur &#8211; Port des EPI\"}]},{\"@type\":\"WebSite\",\"@id\":\"https:\/\/voltacademie.fr\/#website\",\"url\":\"https:\/\/voltacademie.fr\/\",\"name\":\"VOLT Acad\u00e9mie\",\"description\":\"Centre de formation - S\u00e9curit\u00e9 Electricit\u00e9 IRVE Photovolta\u00efque AIPR Hablitations Electriques - Pertuis - Aix - Marseille - Nice - PACA\",\"publisher\":{\"@id\":\"https:\/\/voltacademie.fr\/#organization\"},\"potentialAction\":[{\"@type\":\"SearchAction\",\"target\":{\"@type\":\"EntryPoint\",\"urlTemplate\":\"https:\/\/voltacademie.fr\/?s={search_term_string}\"},\"query-input\":{\"@type\":\"PropertyValueSpecification\",\"valueRequired\":true,\"valueName\":\"search_term_string\"}}],\"inLanguage\":\"fr-FR\"},{\"@type\":\"Organization\",\"@id\":\"https:\/\/voltacademie.fr\/#organization\",\"name\":\"VOLT Acad\u00e9mie\",\"url\":\"https:\/\/voltacademie.fr\/\",\"logo\":{\"@type\":\"ImageObject\",\"inLanguage\":\"fr-FR\",\"@id\":\"https:\/\/voltacademie.fr\/#\/schema\/logo\/image\/\",\"url\":\"https:\/\/voltacademie.fr\/wp-content\/uploads\/2024\/06\/cropped-cropped-ySrmBZ4JSla_GJpKTBpLMg-1.webp\",\"contentUrl\":\"https:\/\/voltacademie.fr\/wp-content\/uploads\/2024\/06\/cropped-cropped-ySrmBZ4JSla_GJpKTBpLMg-1.webp\",\"width\":512,\"height\":384,\"caption\":\"VOLT Acad\u00e9mie\"},\"image\":{\"@id\":\"https:\/\/voltacademie.fr\/#\/schema\/logo\/image\/\"},\"sameAs\":[\"https:\/\/www.facebook.com\/IpFibreAcademie\",\"https:\/\/www.linkedin.com\/company\/ip-fibre-academie\/\"]}]}<\/script>\n<!-- \/ Yoast SEO plugin. -->","yoast_head_json":{"title":"Formation Travail en hauteur port des EPI PACA Aix Marseille Toulon Nice VOLT Acad\u00e9mie","description":"Formation Travail en hauteur port des EPI PACA Aix Marseille Toulon Nice VOLT Acad\u00e9mie formation harnais formation port des EPI formation hauteur Cannes Nice Toulon Marseille Aix Pertuis Cavaillon Avignon 06 13 83 84","robots":{"index":"index","follow":"follow","max-snippet":"max-snippet:-1","max-image-preview":"max-image-preview:large","max-video-preview":"max-video-preview:-1"},"canonical":"https:\/\/voltacademie.fr\/?page_id=228","og_locale":"fr_FR","og_type":"article","og_title":"Formation Travail en hauteur port des EPI PACA Aix Marseille Toulon Nice VOLT Acad\u00e9mie","og_description":"Formation Travail en hauteur port des EPI PACA Aix Marseille Toulon Nice VOLT Acad\u00e9mie formation harnais formation port des EPI formation hauteur Cannes Nice Toulon Marseille Aix Pertuis Cavaillon Avignon 06 13 83 84","og_url":"https:\/\/voltacademie.fr\/?page_id=228","og_site_name":"VOLT Acad\u00e9mie","article_publisher":"https:\/\/www.facebook.com\/IpFibreAcademie","article_modified_time":"2025-01-04T10:28:17+00:00","og_image":[{"width":2560,"height":1920,"url":"https:\/\/voltacademie.fr\/wp-content\/uploads\/2024\/06\/1000027704-scaled.jpg","type":"image\/jpeg"}],"twitter_card":"summary_large_image","twitter_misc":{"Dur\u00e9e de lecture estim\u00e9e":"3 minutes"},"schema":{"@context":"https:\/\/schema.org","@graph":[{"@type":"WebPage","@id":"https:\/\/voltacademie.fr\/?page_id=228","url":"https:\/\/voltacademie.fr\/?page_id=228","name":"Formation Travail en hauteur port des EPI PACA Aix Marseille Toulon Nice VOLT Acad\u00e9mie","isPartOf":{"@id":"https:\/\/voltacademie.fr\/#website"},"primaryImageOfPage":{"@id":"https:\/\/voltacademie.fr\/?page_id=228#primaryimage"},"image":{"@id":"https:\/\/voltacademie.fr\/?page_id=228#primaryimage"},"thumbnailUrl":"https:\/\/voltacademie.fr\/wp-content\/uploads\/2024\/06\/1000027704-scaled.jpg","datePublished":"2024-06-21T07:38:25+00:00","dateModified":"2025-01-04T10:28:17+00:00","description":"Formation Travail en hauteur port des EPI PACA Aix Marseille Toulon Nice VOLT Acad\u00e9mie formation harnais formation port des EPI formation hauteur Cannes Nice Toulon Marseille Aix Pertuis Cavaillon Avignon 06 13 83 84","breadcrumb":{"@id":"https:\/\/voltacademie.fr\/?page_id=228#breadcrumb"},"inLanguage":"fr-FR","potentialAction":[{"@type":"ReadAction","target":["https:\/\/voltacademie.fr\/?page_id=228"]}]},{"@type":"ImageObject","inLanguage":"fr-FR","@id":"https:\/\/voltacademie.fr\/?page_id=228#primaryimage","url":"https:\/\/voltacademie.fr\/wp-content\/uploads\/2024\/06\/1000027704-scaled.jpg","contentUrl":"https:\/\/voltacademie.fr\/wp-content\/uploads\/2024\/06\/1000027704-scaled.jpg","width":2560,"height":1920},{"@type":"BreadcrumbList","@id":"https:\/\/voltacademie.fr\/?page_id=228#breadcrumb","itemListElement":[{"@type":"ListItem","position":1,"name":"Accueil","item":"https:\/\/voltacademie.fr\/"},{"@type":"ListItem","position":2,"name":"Travail en hauteur &#8211; Port des EPI"}]},{"@type":"WebSite","@id":"https:\/\/voltacademie.fr\/#website","url":"https:\/\/voltacademie.fr\/","name":"VOLT Acad\u00e9mie","description":"Centre de formation - S\u00e9curit\u00e9 Electricit\u00e9 IRVE Photovolta\u00efque AIPR Hablitations Electriques - Pertuis - Aix - Marseille - Nice - PACA","publisher":{"@id":"https:\/\/voltacademie.fr\/#organization"},"potentialAction":[{"@type":"SearchAction","target":{"@type":"EntryPoint","urlTemplate":"https:\/\/voltacademie.fr\/?s={search_term_string}"},"query-input":{"@type":"PropertyValueSpecification","valueRequired":true,"valueName":"search_term_string"}}],"inLanguage":"fr-FR"},{"@type":"Organization","@id":"https:\/\/voltacademie.fr\/#organization","name":"VOLT Acad\u00e9mie","url":"https:\/\/voltacademie.fr\/","logo":{"@type":"ImageObject","inLanguage":"fr-FR","@id":"https:\/\/voltacademie.fr\/#\/schema\/logo\/image\/","url":"https:\/\/voltacademie.fr\/wp-content\/uploads\/2024\/06\/cropped-cropped-ySrmBZ4JSla_GJpKTBpLMg-1.webp","contentUrl":"https:\/\/voltacademie.fr\/wp-content\/uploads\/2024\/06\/cropped-cropped-ySrmBZ4JSla_GJpKTBpLMg-1.webp","width":512,"height":384,"caption":"VOLT Acad\u00e9mie"},"image":{"@id":"https:\/\/voltacademie.fr\/#\/schema\/logo\/image\/"},"sameAs":["https:\/\/www.facebook.com\/IpFibreAcademie","https:\/\/www.linkedin.com\/company\/ip-fibre-academie\/"]}]}},"_links":{"self":[{"href":"https:\/\/voltacademie.fr\/index.php?rest_route=\/wp\/v2\/pages\/228","targetHints":{"allow":["GET"]}}],"collection":[{"href":"https:\/\/voltacademie.fr\/index.php?rest_route=\/wp\/v2\/pages"}],"about":[{"href":"https:\/\/voltacademie.fr\/index.php?rest_route=\/wp\/v2\/types\/page"}],"author":[{"embeddable":true,"href":"https:\/\/voltacademie.fr\/index.php?rest_route=\/wp\/v2\/users\/1"}],"replies":[{"embeddable":true,"href":"https:\/\/voltacademie.fr\/index.php?rest_route=%2Fwp%2Fv2%2Fcomments&post=228"}],"version-history":[{"count":2,"href":"https:\/\/voltacademie.fr\/index.php?rest_route=\/wp\/v2\/pages\/228\/revisions"}],"predecessor-version":[{"id":335,"href":"https:\/\/voltacademie.fr\/index.php?rest_route=\/wp\/v2\/pages\/228\/revisions\/335"}],"wp:attachment":[{"href":"https:\/\/voltacademie.fr\/index.php?rest_route=%2Fwp%2Fv2%2Fmedia&parent=228"}],"curies":[{"name":"wp","href":"https:\/\/api.w.org\/{rel}","templated":true}]}}